{"id":2252,"date":"2024-09-09T10:42:49","date_gmt":"2024-09-09T10:42:49","guid":{"rendered":"https:\/\/energiasrenovableshg.com\/proyectos\/els-poblets-rathaus-gesundheitszentrum-2\/"},"modified":"2026-03-12T07:35:49","modified_gmt":"2026-03-12T07:35:49","slug":"els-poblets-rathaus-gesundheitszentrum-2","status":"publish","type":"proyectos","link":"https:\/\/energiasrenovableshg.com\/de\/proyectos\/els-poblets-rathaus-gesundheitszentrum-2\/","title":{"rendered":"Els Poblets Stadtverwaltung Gesundheitszentrum"},"content":{"rendered":"<div>Diese 33-kW-Anlage im Gesundheitszentrum wurde dank der Struktur, die wir anbieten konnten, vollst\u00e4ndig in das Dach integriert, das uns in der Vergangenheit zur Verf\u00fcgung gestellt wurde. Dies ist ein Beweis f\u00fcr die Professionalit\u00e4t unserer Teams, von der Baufirma, die sich um die Entwicklung gek\u00fcmmert hat, \u00fcber unsere Werkstatt, in der wir das Geb\u00e4ude gebaut haben, bis hin zu unseren Monteuren, die die Anlage installiert haben. <\/div>\n<div class=\"yj6qo ajU\"><\/div>\n","protected":false},"featured_media":0,"template":"","class_list":["post-2252","proyectos","type-proyectos","status-publish","hentry"],"_links":{"self":[{"href":"https:\/\/energiasrenovableshg.com\/de\/wp-json\/wp\/v2\/proyectos\/2252","targetHints":{"allow":["GET"]}}],"collection":[{"href":"https:\/\/energiasrenovableshg.com\/de\/wp-json\/wp\/v2\/proyectos"}],"about":[{"href":"https:\/\/energiasrenovableshg.com\/de\/wp-json\/wp\/v2\/types\/proyectos"}],"wp:attachment":[{"href":"https:\/\/energiasrenovableshg.com\/de\/wp-json\/wp\/v2\/media?parent=2252"}],"curies":[{"name":"wp","href":"https:\/\/api.w.org\/{rel}","templated":true}]}}

<div>Diese 33-kW-Anlage im Gesundheitszentrum wurde dank der Struktur, die wir anbieten konnten, vollständig in das Dach integriert, das uns in der Vergangenheit zur Verfügung gestellt wurde. Dies ist ein Beweis für die Professionalität unserer Teams, von der Baufirma, die sich um die Entwicklung gekümmert hat, über unsere Werkstatt, in der wir das Gebäude gebaut haben, bis hin zu unseren Monteuren, die die Anlage installiert haben. </div>
<div class="yj6qo ajU"></div>
